 the highest common factor of 28230 and 30?
30
What is the highest common divisor of 13 and 62441?
1
Calculate the greatest common divisor of 36984 and 50784.
552
Calculate the greatest common divisor of 31808 and 4032.
448
Calculate the highest common divisor of 554926 and 407.
37
What is the highest common divisor of 650 and 53450?
50
Calculate the greatest common factor of 1124450 and 10.
10
What is the greatest common divisor of 37 and 9255365?
37
Calculate the greatest common factor of 78351 and 98.
49
Calculate the highest common divisor of 1621 and 1.
1
What is the greatest common divisor of 267 and 679248?
267
What is the highest common factor of 247914 and 54?
54
What is the greatest common factor of 56 and 33964?
28
Calculate the greatest common divisor of 4923 and 17.
1
Calculate the greatest common factor of 2304 and 28440.
72
Calculate the greatest common factor of 3100 and 1340.
20
What is the greatest common divisor of 200 and 38175?
25
Calculate the greatest common divisor of 126318 and 444.
222
Calculate the greatest common factor of 131064 and 16.
8
What is the highest common factor of 34692 and 6018?
354
What is the highest common divisor of 22356 and 1458?
486
What is the highest common factor of 98 and 12708934?
98
Calculate the greatest common factor of 1705 and 418810.
155
What is the highest common factor of 73509 and 107?
107
Calculate the highest common divisor of 88 and 125992.
8
Calculate the highest common divisor of 504 and 42210.
126
What is the greatest common divisor of 479 and 28?
1
What is the greatest common divisor of 1232 and 98?
14
What is the highest common factor of 82779 and 820?
41
What is the highest common divisor of 81503 and 7599?
149
What is the greatest common factor of 31388 and 1330?
266
Calculate the greatest common divisor of 4584 and 1704.
24
Calculate the highest common factor of 90 and 477890.
10
Calculate the highest common divisor of 176 and 3828.
44
Calculate the greatest common factor of 294534 and 234.
18
Calculate the greatest common factor of 774627 and 651.
21
What is the greatest common divisor of 252 and 7200?
36
Calculate the greatest common divisor of 166 and 3741723.
83
Calculate the highest common divisor of 20093 and 568.
71
Calculate the highest common divisor of 442832 and 104.
104
Calculate the highest common factor of 3318 and 7987.
7
Calculate the greatest common factor of 5452061 and 74.
37
Calculate the highest common factor of 253 and 209.
11
What is the greatest common factor of 3495 and 645?
15
Calculate the greatest common factor of 130 and 55874.
26
What is the highest common divisor of 12 and 132814?
2
Calculate the highest common factor of 11121 and 5379.
33
What is the highest common factor of 325 and 299?
13
Calculate the greatest common factor of 301 and 682797.
43
What is the greatest common factor of 5125 and 2993?
41
Calculate the highest common divisor of 6375 and 3000.
375
What is the highest common divisor of 1310 and 169252?
262
What is the greatest common divisor of 1146 and 10916796?
1146
Calculate the highest common factor of 186362 and 23650.
946
What is the highest common divisor of 69 and 175904?
23
Calculate the highest common divisor of 129 and 120873.
129
What is the greatest common divisor of 25 and 10735?
5
Calculate the greatest common factor of 1008 and 2226.
42
Calculate the highest common factor of 135 and 196695.
135
Calculate the highest common factor of 278346 and 207.
69
Calculate the highest common factor of 3350 and 8107.
67
What is the highest common divisor of 182 and 40859?
91
What is the greatest common divisor of 21114 and 1029618?
1242
Calculate the greatest common divisor of 498708 and 504.
252
What is the highest common factor of 1561965 and 1010?
505
What is the greatest common factor of 868 and 2232?
124
Calculate the greatest common factor of 900 and 15490.
10
What is the greatest common factor of 2214 and 10742?
82
Calculate the highest common factor of 1764135 and 15.
15
What is the highest common divisor of 175392 and 1890?
378
What is the highest common divisor of 51 and 84779?
17
Calculate the greatest common factor of 4720 and 52880.
80
What is the greatest common factor of 578230 and 212?
106
What is the greatest common factor of 607 and 4566461?
607
Calculate the highest common divisor of 16147 and 268.
67
What is the greatest common factor of 76590 and 18?
18
Calculate the greatest common divisor of 432692 and 1612.
52
What is the greatest common divisor of 24 and 150996?
12
What is the greatest common factor of 252 and 517536?
36
What is the greatest common factor of 11130 and 10759?
371
Calculate the greatest common factor of 1953 and 1155.
21
What is the greatest common factor of 277434 and 54?
18
Calculate the highest common factor of 460 and 70472.
92
What is the highest common divisor of 8753 and 53?
1
Calculate the greatest common factor of 504 and 297576.
72
Calculate the greatest common factor of 33 and 11627.
11
Calculate the greatest common factor of 24 and 2981976.
24
What is the highest common divisor of 86918 and 68?
2
Calculate the greatest common divisor of 28 and 106904.
28
What is the highest common factor of 165 and 390665?
55
Calculate the greatest common factor of 425367 and 2718.
1359
Calculate the highest common factor of 8 and 173448.
8
What is the greatest common divisor of 28120 and 94240?
760
What is the highest common factor of 415212 and 49?
7
Calculate the highest common factor of 104 and 27261.
13
What is the greatest common factor of 142 and 9798?
142
Calculate the highest common factor of 30526 and 14.
2
What is the highest common factor of 153 and 405?
9
What is the greatest common divisor of 782 and 1054?
34
What is the highest common factor of 3796409 and 38?
19
Calculate the greatest common factor of 78 and 726882.
78
Calculate the highest common divisor of 11290 and 10.
10
What is the greatest common divisor of 248474 and 849?
283
What is the greatest common factor of 34947 and 363?
33
What is the greatest common divisor of 273 and 133119?
21
What is the greatest common divisor of 1419630 and 570?
30
Calculate the highest common divisor of 57 and 6758547.
57
Calculate the highest common factor of 43016 and 1698.
566
What is the greatest common factor of 440 and 12430?
110
What is the greatest common factor of 80542 and 42?
14
Calculate the greatest common factor of 370584 and 144.
72
Calculate the highest common divisor of 93 and 17691.
3
What is the highest common divisor of 2291 and 14471?
29
What is the greatest common divisor of 378743 and 187?
17
What is the greatest common factor of 34456 and 31624?
472
What is the highest common factor of 1467 and 18745?
163
Calculate the highest common factor of 624 and 281112.
312
Calculate the greatest common divisor of 132 and 38973.
33
What is the greatest common factor of 19082 and 34874?
658
What is the greatest common divisor of 156643 and 18259?
961
What is the greatest common divisor of 39941 and 539?
11
Calculate the greatest common divisor of 4872 and 105.
21
Calculate the highest common divisor of 390 and 91065.
195
What is the highest common factor of 1081 and 13019?
47
Calculate the highest common factor of 19840 and 837.
31
What is the highest common divisor of 1834 and 573125?
917
Calculate the greatest common factor of 170172 and 87.
87
What is the highest common divisor of 2072 and 6976?
8
What is the highest common divisor of 7798 and 462?
14
Calculate the greatest common factor of 1833 and 13959.
141
What is the greatest common divisor of 111 and 911199?
111
Calculate the highest common divisor of 112618 and 66.
22
What is the greatest common divisor of 2301640 and 165?
55
What is the highest common factor of 130 and 315120?
130
Calculate the greatest common factor of 24 and 111576.
24
What is the greatest common divisor of 1210 and 177265?
605
Calculate the greatest common divisor of 20 and 32820.
20
Calculate the greatest common divisor of 4884 and 418.
22
What is the greatest common divisor of 53955 and 880?
55
What is the greatest common factor of 8296 and 306?
34
Calculate the highest common divisor of 4255297 and 19.
19
What is the highest common divisor of 18 and 63306?
18
Calculate the greatest comm